+ 13. Give k(2).
-15
Let o(t) = 2071*t - 10356. Calculate o(5).
-1
Let w(i) = -26271*i + 683050. Calculate w(26).
4
Let u(k) = -128*k + 946. Give u(-3).
1330
Let u(t) = 18*t**2 + 8550*t + 33974. What is u(-471)?
62
Let p(b) = -5179*b + 631801. Give p(122).
-37
Let m(a) = 12*a**2 - 36*a - 3263. Calculate m(-15).
-23
Let i(g) = -g**2 + 434*g + 30754. Give i(496).
2
Let a(n) = -3756*n - 26229. Give a(-7).
63
Let m(l) = l**3 - 54*l**2 + 825*l - 3137. Determine m(30).
13
Let o(w) = w**3 + 9470*w**2 - 170782*w - 36. What is o(18)?
0
Let m(o) = 169*o**2 + 336*o + 35. Calculate m(-6).
4103
Let x(c) = -36*c**2 + 337*c - 133. What is x(9)?
-16
Let l(y) = -2334*y - 1080640. Calculate l(-463).
2
Let z(j) = -14489*j - 8331171. Determine z(-575).
4
Let q(h) = 3112*h - 24842. Give q(8).
54
Let v(a) = -3*a**2 - 33*a + 380. Give v(7).
2
Let t(x) = -61*x**2 + 867*x - 582. Determine t(14).
-400
Let o(c) = 33*c**3 - 5609*c**2 - 179*c + 1520. What is o(170)?
-10
Let y(a) = -991*a - 7123. Calculate y(-8).
805
Let d(v) = -38*v**2 + 420*v - 438. Determine d(10).
-38
Let p(v) = 8*v**2 + 2317*v + 76505. Give p(-38).
11
Let p(z) = z**3 - 4*z**2 - 113*z + 677. What is p(8)?
29
Let i(f) = -111*f + 2958. What is i(27)?
-39
Let h(b) = -1694*b - 83170. Calculate h(-49).
-164
Let d(h) = -88*h**3 + 57*h**2 + 50*h - 6. Determine d(-1).
89
Let f(r) = 3470*r + 496195. What is f(-143)?
-15
Let b(f) = -32*f**2 + 237*f - 36. What is b(4)?
400
Let m(a) = a**3 - 22*a**2 + 683*a - 13908. Determine m(21).
-6
Let v(s) = 4*s**3 + 33*s**2 - 172275*s - 1378255. Give v(-8).
9
Let n(j) = 32939*j - 131850. What is n(4)?
-94
Let h(b) = 6084*b + 474527. Determine h(-78).
-25
Let k(j) = j**2 - 2*j + 529. Give k(37).
1824
Let l(d) = 59*d**2 - 16465*d + 1099. Calculate l(279).
-17
Let k(y) = -14*y**2 - 1171*y + 391. What is k(-84)?
-29
Let w(h) = 481*h - 155854. What is w(324)?
-10
Let q(f) = 56*f**2 - 6045*f - 444. Determine q(108).
-120
Let f(t) = 69*t**2 + 3296*t + 33. Give f(-48).
801
Let q(j) = -8601*j - 5203634. Calculate q(-605).
-29
Let g(u) = -u**3 - 92*u**2 + 12054*u - 49. Determine g(73).
608
Let w(a) = -5*a**2 + 42*a - 344. Give w(9).
-371
Let q(h) = -h**3 + 40454*h**2 - 80898*h - 10. What is q(2)?
2
Let a(u) = -25*u**2 + 14785*u - 5929. Calculate a(591).
-19
Let h(v) = -5*v**2 - 302*v + 50418. Calculate h(-135).
63
Let u(b) = -228*b**2 + 26*b - 44. What is u(1)?
-246
Let z(y) = -79537*y - 318160. Determine z(-4).
-12
Let g(j) = 17*j**3 + 7053*j**2 - 830*j - 46. Calculate g(-415).
-46
Let r(v) = -23*v**3 - 2*v**2 + 43*v + 1. Calculate r(-2).
91
Let j(i) = -6*i**3 - 70*i**2 - 27*i - 496. Calculate j(-12).
116
Let i(g) = -3*g**3 - 38*g**2 + 105*g - 43. What is i(-18)?
3251
Let x(q) = 1101*q + 35609. What is x(-33)?
-724
Let p(g) = g**3 + 33*g**2 - 910*g + 3529. What is p(14)?
1
Let u(a) = a**2 - 12*a - 268. Determine u(-10).
-48
Let p(r) = 3*r**2 + 236*r - 7560. Calculate p(-103).
-41
Let j(t) = -16*t - 1023. What is j(-64)?
1
Let a(p) = p**3 + 7*p**2 - 93*p - 416. Give a(-4).
4
Let l(x) = -3*x**2 - 224*x + 231. Determine l(1).
4
Let q(y) = -460*y - 2761. Determine q(-6).
-1
Let x(w) = 67*w**2 - 204*w + 13. Give x(5).
668
Let f(q) = 67560*q - 2972654. Determine f(44).
-14
Let b(q) = -146*q + 129. What is b(19)?
-2645
Let q(u) = -5*u**3 + 752*u**2 + 1212*u + 136. Give q(152).
-472
Let m(c) = 2*c**2 - 5044*c - 50641. What is m(-10)?
-1
Let g(s) = -14*s**2 - 1595*s + 322. Determine g(-114).
208
Let d(p) = -p**3 + 89*p**2 + 170*p - 25. Calculate d(-2).
-1
Let r(p) = -570*p + 10431. Determine r(19).
-399
Let l(m) = m**2 + 87*m - 5251. Calculate l(41).
-3
Let u(f) = -295*f - 608. Calculate u(-3).
277
Let m(n) = 7*n**3 - 330*n**2 - 167714*n - 133. Give m(-133).
0
Let g(v) = 3*v**3 + 233*v**2 + 138*v - 1380. Determine g(-77).
-148
Let l(g) = 2111*g + 33795. Give l(-16).
19
Let l(k) = -33*k**3 - 6*k**2 + 32*k - 22. Calculate l(1).
-29
Let a(b) = 2*b**2 - 1389*b - 346535. Calculate a(-195).
370
Let h(n) = 8042*n - 177144. Give h(22).
-220
Let w(v) = v**3 - 1216*v**2 + 7215*v + 54415. Give w(1210).
-35
Let i(q) = -5*q**3 - 182*q**2 - 247*q - 150. Calculate i(-35).
-80
Let q(t) = 341*t + 1178. What is q(-5)?
-527
Let b(n) = -814*n**2 + 6658*n + 20. What is b(8)?
1188
Let g(k) = 2*k**2 + 186*k + 3779. Calculate g(-51).
-505
Let p(q) = 32*q**2 + 756*q + 504. Determine p(-23).
44
Let i(o) = -o**3 - 45*o**2 - 459*o - 4380. Determine i(-38).
2954
Let k(g) = 885*g**2 + 1798*g + 34. What is k(-2)?
-22
Let i(x) = -5*x**3 - 104*x**2 - 56*x - 1613. Determine i(-21).
4
Let h(r) = -r**3 - 51*r**2 + 755*r - 364. Calculate h(-63).
-301
Let t(i) = -9*i**2 - 220*i - 201. Calculate t(-23).
98
Let l(g) = -3*g**3 - 4*g**2 - 2686*g - 16614. Calculate l(-6).
6
Let v(q) = 104*q**3 - 5*q**2 - 21*q + 50. Give v(2).
820
Let j(d) = 357*d**3 + 31*d**2 + 67*d + 35. Determine j(-1).
-358
Let f(m) = -97*m - 4276. Determine f(-43).
-105
Let g(o) = 4*o**2 - 15822*o + 126199. Calculate g(8).
-121
Let t(o) = -o**2 + 487*o - 55002. Determine t(177).
-132
Let l(s) = 4*s**3 + 55*s**2 - 723*s - 1671. What is l(-2)?
-37
Let v(b) = b + 39. What is v(-38)?
1
Let j(i) = -10626*i - 308197. Give j(-29).
-43
Let y(q) = -9*q**2 + 391*q + 4675. Determine y(52).
671
Let b(f) = -f**2 + 679*f + 139126. Determine b(-165).
-134
Let z(j) = -73761*j - 1991569. Determine z(-27).
-22
Let o(r) = -2*r**3 + 296*r**2 - 1138*r - 2450. Give o(144).
-434
Let g(k) = -36828*k - 331462. What is g(-9)?
-10
Let s(x) = -2686*x + 107399. Give s(40).
-41
Let b(c) = -2*c**3 + 25*c**2 + 1117*c + 359. What is b(-18)?
17
Let k(x) = 43*x**2 + 2011*x + 3536. What is k(-45)?
116
Let r(w) = 15*w**2 - 7*w + 60. Calculate r(-8).
1076
Let p(x) = -2990*x + 6324. What is p(3)?
-2646
Let m(l) = -11*l**3 + 341*l**2 - 20749*l + 643218. Calculate m(31).
-1
Let r(j) = 12*j**2 + 1504*j + 8567. Give r(-6).
-25
Let z(t) = -t**3 + 513*t**2 + 2746*t + 789. Calculate z(-5).
9
Let d(t) = -4*t**3 - 695*t**2 + 170*t - 669. Determine d(-174).
27
Let k(a) = -a**2 + 246*a - 7188. Calculate k(34).
20
Let t(z) = z**3 - 4*z**2 - 39970*z + 159913. Calculate t(4).
33
Let a(u) = u**2 - 6455*u + 6054907. Determine a(1139).
-17
Let g(k) = -2*k**3 + 5*k**2 + 15237*k - 30484. What is g(2)?
-6
Let b(j) = -24732*j - 346188. What is b(-14)?
60
Let n(v) = 1087*v + 9785. Determine n(-9).
2
Let r(i) = -1166*i**2 + 5994*i - 819. Determine r(5).
1
Let m(c) = -2*c**3 + 29*c**2 + 11*c - 206. Calculate m(10).
804
Let j(b) = 10*b**3 - 155*b**2 - 39*b + 38. Give j(16).
694
Let g(p) = -7*p**2 + 846*p + 10425. Calculate g(132).
129
Let y(n) = -8*n**2 + 563*n - 1484. Determine y(56).
4956
Let z(l) = l**2 - 440*l + 11785. Calculate z(27).
634
Let w(s) = 2*s**2 + 90818*s - 3726924. Determine w(41).
-24
Let r(n) = 11288*n - 293095. Give r(26).
393
Let v(f) = 7*f**2 - 165*f + 636. Calculate v(5).
-14
Let d(i) = -21*i**2 - 953*i + 315. Calculate d(-42).
3297
Let l(g) = -3*g**3 - 240*g**2 - 3814*g + 306. What is l(-22)?
-2
Let n(x) = -7*x**2 + 2033*x - 70298. Determine n(40).
-178
Let l(h) = -2340*h + 19188. Determine l(8).
468
Let k(f) = -30*f**3 - 2158*f**2 + 199*f + 3963. Determine k(-72).
3
Let c(w) = -13*w**3 - 434*w**2 - 148*w + 540. Determine c(-33).
-21
Let z(m) = m**3 - 105*m**2 + 114*m - 2034. Calculate z(104).
-994
Let z(q) = 438*q**2 - 66*q + 125. What is z(2)?
1745
Let c(s) = s**3 - 35*s**2 - 8*s + 63. Give c(27).
-5985
Let o(r) = 5*r**3 - 271*r**2 + 579*r - 30. What is o(52)?
334
Let u(y) = 7*y**3 - 386*y**2 + 81*y - 1361. Give u(55).
69
Let r(s) = -2*s**2 - 161*s - 1926. Determine r(-60).
534
Let q(j) = 16*j**3 + 112*j**2 - 1345*j - 9415. What is q(-7)?
0
Let j(o) = 18*o**3 - 554*o**2 - 76*o - 987. What is j(31)?
501
Let f(p) = -2*p**3 + 908*p**2 + 49291*p + 1511. Determine f(503).
2
Let d(c) = c**2 - 4179*c - 22. Determine d(0).
-22
Let f(u) = -27*u**2 + 104*u + 354. Calculate f(13).
-2857
Let y(d) = -15*d**2 - 255*d - 443. Give y(-15).
7
Let b(q) = 12861*q + 270085. Give b(-21).
4
Let d(v) = 20*v**3 - 5*v**2 + 14*v - 6. What is d(2)?
162
Let f(c) = c**3 + 133*c**2 + c - 308. Calculate f(-133).
-441
Let r(t) = -84*t**2 - 139*t - 407. Determine r(-3).
-746
Let w(s) = -1297*s + 15505. What is w(12)?
-59
Let n(k) = -104*k - 984. What is n(-16)?
680
Let k(m) = -m**2 + 61*m - 412. Give k(64).
-604
Let j(h) = -88*h*